{"id":15,"date":"2017-03-07T16:51:10","date_gmt":"2017-03-07T15:51:10","guid":{"rendered":"http:\/\/winkelundkoch.de\/?page_id=15"},"modified":"2017-03-07T17:01:26","modified_gmt":"2017-03-07T16:01:26","slug":"angebot","status":"publish","type":"page","link":"https:\/\/winkelundkoch.de\/?page_id=15","title":{"rendered":"Angebot"},"content":{"rendered":"<p><strong>Wir haben das richtige Gesp\u00fcr<\/strong> f\u00fcr Farbe und erledigen s\u00e4mtliche Malerarbeiten im Innen- und Au\u00dfenbereich.<\/p>\n<p><strong>Einmal durchstreichen oder doch lieber eine kreative Wandgestaltung?<\/strong> Hauptsache sch\u00f6n! Exklusive Putz- und Spachteltechniken geh\u00f6ren ebenso zu unserem Portfolio wie die klassische Instandhaltung.<\/p>\n<p><strong>Unsere Arbeiten hinterlassen bleibenden Eindruck!<\/strong> In Wohnbereichen oder Treppenh\u00e4usern. Sowie in Restaurants, Kanzleien, Arztpraxen, Gesch\u00e4ftsr\u00e4umen oder Ladenlokalen. Sogar Reithallen und Schwimmb\u00e4dern haben wir den Anstrich verpasst.<\/p>\n<p><strong>Ein Tapetenwechsel gef\u00e4llig?<\/strong> Mit unserer gro\u00dfen Auswahl an hochmodernen Tapeten schaffen wir in jedem Raum Wohnzimmeratmosph\u00e4re. Selbstverst\u00e4ndlich verarbeiten wir auch Glasfasergewebe und Raufaser.<\/p>\n<p><strong>Wenn der Lack mal ab ist, sind wir zur Stelle.<\/strong> Wir lackieren von Fenstern \u00fcber Haust\u00fcren bis zum Kunststoffpferd alles und schaffen echte Unikate.<\/p>\n<p><strong>Wir machen Boden gut!<\/strong> Unter anderem beim Verlegen von Teppichb\u00f6den, Vinylb\u00f6den, PVC sowie Parkett oder Laminat. Wenn die Fassade br\u00f6ckelt, finden wir gemeinsam die optimale L\u00f6sung. Mal schlicht, mal ausgefallen, immer individuell.<\/p>\n<p><strong>Unser Qualit\u00e4tsversprechen:<\/strong> Wir verwenden ausschlie\u00dflich hochwertigste Materialen, die wir seit vielen Jahren von unseren renommierten Gro\u00dfhandelspartnern wie Brillux oder von der Maler Einkauf Gesellschaft (MEG) beziehen.<\/p>\n","protected":false},"excerpt":{"rendered":"<p>Wir haben das richtige Gesp\u00fcr f\u00fcr Farbe und erledigen s\u00e4mtliche Malerarbeiten im Innen- und Au\u00dfenbereich. Einmal durchstreichen oder doch lieber eine kreative Wandgestaltung? Hauptsache sch\u00f6n! Exklusive Putz- und Spachteltechniken geh\u00f6ren ebenso zu unserem Portfolio wie die klassische Instandhaltung. Unsere Arbeiten hinterlassen bleibenden Eindruck! In Wohnbereichen oder Treppenh\u00e4usern. Sowie in Restaurants, Kanzleien, Arztpraxen, Gesch\u00e4ftsr\u00e4umen oder Ladenlokalen. <a href=\"https:\/\/winkelundkoch.de\/?page_id=15\" class=\"more-link\">...weiterlesen<span class=\"screen-reader-text\"> \"Angebot\"<\/span><\/a><\/p>\n","protected":false},"author":1,"featured_media":0,"parent":0,"menu_order":2,"comment_status":"closed","ping_status":"closed","template":"","meta":{"footnotes":""},"class_list":["post-15","page","type-page","status-publish","h-entry","hentry","h-as-page"],"_links":{"self":[{"href":"https:\/\/winkelundkoch.de\/index.php?rest_route=\/wp\/v2\/pages\/15","targetHints":{"allow":["GET"]}}],"collection":[{"href":"https:\/\/winkelundkoch.de\/index.php?rest_route=\/wp\/v2\/pages"}],"about":[{"href":"https:\/\/winkelundkoch.de\/index.php?rest_route=\/wp\/v2\/types\/page"}],"author":[{"embeddable":true,"href":"https:\/\/winkelundkoch.de\/index.php?rest_route=\/wp\/v2\/users\/1"}],"replies":[{"embeddable":true,"href":"https:\/\/winkelundkoch.de\/index.php?rest_route=%2Fwp%2Fv2%2Fcomments&post=15"}],"version-history":[{"count":2,"href":"https:\/\/winkelundkoch.de\/index.php?rest_route=\/wp\/v2\/pages\/15\/revisions"}],"predecessor-version":[{"id":24,"href":"https:\/\/winkelundkoch.de\/index.php?rest_route=\/wp\/v2\/pages\/15\/revisions\/24"}],"wp:attachment":[{"href":"https:\/\/winkelundkoch.de\/index.php?rest_route=%2Fwp%2Fv2%2Fmedia&parent=15"}],"curies":[{"name":"wp","href":"https:\/\/api.w.org\/{rel}","templated":true}]}}